ose 61*q = 65*q - b. What is the units digit of q?
8
Suppose 2*u - 157 = -39. What is the units digit of u?
9
Suppose -555 = -i - 307. What is the tens digit of i?
4
Let g = 492 - 241. What is the hundreds digit of g?
2
Suppose 3*w = 2*w + 30. Let v be 80/w - (-4)/(-6). Suppose 27 = p + 4*i, 4*i = v*p + p - 1. What is the units digit of p?
7
Let l(y) = -y**3 + 26*y**2 + 67*y + 69. What is the hundreds digit of l(28)?
3
Let i = -754 - -878. What is the hundreds digit of i?
1
Let a(u) = u**3 + 34*u**2 + 26*u - 108. What is the tens digit of a(-31)?
6
Let y(g) be the second derivative of -g**5/20 + g**4/4 - g**3/3 + g**2 + 18*g. What is the units digit of y(2)?
2
Let b(j) = -33*j + 12. What is the tens digit of b(-27)?
0
Let w(q) = -q**3 + 15*q**2 - 14*q + 3. Let l be w(14). Suppose -4*b - 5*t + 343 + 302 = 0, l*t = -b + 170. What is the hundreds digit of b?
1
Suppose -3*f + 2 = -2*f. Suppose f*a = -a. Suppose a = 2*q + 5*d + 4 - 71, 0 = -5*q - 5*d + 145. What is the tens digit of q?
2
Let f(r) = r**2 - 7*r + 940. What is the hundreds digit of f(0)?
9
Suppose -4*r - 5*o + 560 = 0, 0 = -2*r + o + 237 + 29. What is the units digit of r?
5
Suppose 12 + 7 = w - 3*u, -4*u = 20. Suppose w*s = 4*p - 132 - 164, -2*p - s = -154. What is the tens digit of p?
7
Let x(s) = -14*s**3 - 8*s**2 - 5*s - 8. What is the hundreds digit of x(-7)?
4
Suppose -3235*w = -3222*w - 59891. What is the units digit of w?
7
Let c = 147 + -47. Suppose -u - c = u. Let t = u - -70. What is the tens digit of t?
2
Let t be (-113)/(-1) - -3 - 0. Let v = t + -67. What is the units digit of v?
9
Suppose 6*y = y - 150. Let s = 46 + y. What is the tens digit of s?
1
Let g(x) = 4*x**2 - 15*x - 8 - 2*x**2 + 10*x. What is the units digit of g(-5)?
7
Let w be 70*((-30)/12 + 4). Let k = 161 - w. What is the units digit of k?
6
Let s be (-25)/(-2) + 6/12. Suppose 9*i - 625 = -3*c + s*i, -4*i = 16. What is the units digit of c?
3
Let h = 86 + -52. Suppose 2*c + 2*m = 28, 0*m = -3*c + m + h. What is the tens digit of c?
1
Let q(t) be the second derivative of 27*t**5/10 + t**4/4 - t**3/2 + t**2 + 11*t. Let r(z) = -z**2 + 18*z + 1. Let p be r(18). What is the tens digit of q(p)?
5
Suppose 23*v - 2*j - 7018 = 19*v, -5277 = -3*v - 3*j. What is the units digit of v?
6
Let x(u) = -u**2 - 10*u - 3. Suppose -g - 10 = -4*y + 2*g, 8 = y + 2*g. Suppose -3*w + 50 = -5*a - 4*w, y*a = -4*w - 56. What is the units digit of x(a)?
6
Let u(o) = -75*o - 302. What is the tens digit of u(-9)?
7
Suppose 28*v + 1567 = 8903. What is the tens digit of v?
6
Let k(j) = -j**3 - 7*j**2 - 6*j. Let w be k(-6). Suppose -l + 5*q = 3*l + 24, w = l + 2*q + 19. Let r = l + 33. What is the units digit of r?
2
Let n = -4 - 2. Let h be 15*(-12)/14*168/(-180). Let o = h + n. What is the units digit of o?
6
Suppose 2*y - 5 = 3*y. Let i be (y - -7)*5/2. What is the units digit of ((-8)/6)/(i/(-30))?
8
Let p be (-1)/3 - 1501/(-3). Suppose -p = -9*w + 5*w. What is the tens digit of w?
2
Let g(f) = -f**3 + 5*f**2 + 2*f + 5. Suppose -4*w - 20 = -0. Let b = w - -9. What is the units digit of g(b)?
9
Let d be 43*1 - (-16 - -15). Suppose 0 = 2*y - n - 116 + d, 10 = 5*n. What is the tens digit of y?
3
Suppose -11*g = -6*g. Let k = 4 - g. Suppose 3*f + 0 = 2*j + 65, -k*f - j + 83 = 0. What is the tens digit of f?
2
Let n be 0 - (-7)/(14/4). Suppose -x - n = -2*x. Suppose x*c + 2*v - 5*v = 91, -3*c - 2*v = -130. What is the units digit of c?
4
Let f(g) be the first derivative of g**4/4 - 11*g**3/3 - 3*g**2 - 3*g + 3. What is the tens digit of f(12)?
6
Let u(o) = 243*o - 57. What is the hundreds digit of u(16)?
8
Suppose -v + 4*o + 3398 = 0, -2176 = -v + 3*o + 1217. What is the tens digit of v?
7
Suppose 37 = 7*f + 9. Suppose 0*g - 16 = -2*g + f*v, 0 = 2*g + 2*v + 2. What is the units digit of g?
2
Suppose -2*f - c - 1 = 0, 5*f = -4*c - 6 - 4. Suppose n - 4*u = 52 - 9, 0 = -4*n + f*u + 228. What is the tens digit of n?
5
Let b(h) = 2*h**2 - h - 5. Let v(q) be the third derivative of -q**5/60 + 2*q**3/3 + 2*q**2. Let u(t) = 2*b(t) + 3*v(t). What is the units digit of u(5)?
7
Suppose -o - 21 = -2*u + 7*u, u - 3 = -2*o. Suppose 48 = -o*w + 424. What is the tens digit of w?
9
Suppose 7*o - 3216 = 543. What is the hundreds digit of o?
5
Let l(w) be the second derivative of w**5/20 - 7*w**4/12 + w**3 + 3*w**2/2 - w. Let f(u) = -u**2 - 3*u + 24. Let y be f(-6). What is the units digit of l(y)?
3
Let c(l) = 30*l**2 - 7*l + 60. What is the thousands digit of c(6)?
1
Let w be 3 + (0 - 6)/3. Let d be ((-69)/(-1 - 2))/w. Suppose 3*l - 101 = -d. What is the units digit of l?
6
Let g(p) = -p**3 + 3*p**2 + 5*p - 3. Let h be g(4). Let z = h + 4. Suppose -108 = -z*y + y. What is the tens digit of y?
2
Let f(d) = 3*d**2 - 7*d + 6. Suppose -g + 3*l = -21, l + 0 - 7 = -2*g. What is the tens digit of f(g)?
7
Suppose 0 = 73*v - 65*v - 7176. What is the hundreds digit of v?
8
Let q(y) = -25*y**3 + y**2 + 4*y + 1. Suppose 4*b + 11 - 3 = 0. What is the units digit of q(b)?
7
Let q(g) = g**2 - 4*g - 7. Suppose -4*f + 43 = 5*l, -7*l + 4*l + 4*f = -13. What is the units digit of q(l)?
4
Let p be (2/(-6))/((-2)/12). Suppose -p*w = -5*h + 2*w + 905, -5*w = 4*h - 724. Let o = h + -105. What is the tens digit of o?
7
Let f be (-48)/12 - 380/(-2). Let w = -102 + f. Let x = w - 28. What is the units digit of x?
6
Let t = 12 + 1. Let l(f) = f**2 - 10*f + 30. Let c be l(t). Suppose n - 132 = -5*q, 0*n + c = 2*q - 5*n. What is the tens digit of q?
2
What is the hundreds digit of (-150)/900 + (-46778)/(-12)?
8
Let t(a) = -a**2 + 13*a + 8. Let o be t(13). Suppose -o*s + 11*s = 183. What is the units digit of s?
1
Suppose -v = -y + 30 + 86, 2*y + 4*v = 244. Suppose y*o + 255 = 119*o. What is the tens digit of o?
5
Let j(k) = k**3 + 45*k**2 + 84*k - 54. What is the tens digit of j(-43)?
3
Suppose 2 + 3 = -5*l, -38 = -5*n + 3*l. Let y = n + 9. What is the tens digit of y?
1
Let o(p) = -10*p**3 + 2*p**2 + p - 1. Let j be o(-1). What is the units digit of j/(-4) + 3 - 15/(-6)?
3
Suppose 1032 = u - 4*i, 2*u + 8*i - 5*i - 2031 = 0. What is the thousands digit of u?
1
Let j(f) = f**2 - 11*f + 16. Let k be j(6). What is the units digit of ((-1100)/(-77))/((-4)/k)?
0
Let c = -14 + -30. Let g = -35 - c. What is the units digit of g?
9
Let q(d) = d**2 + 14*d - 12. Let x be q(-15). Let a be 8/(x/(-3) + -1). What is the units digit of 4 + 52/(a/(-1))?
7
Suppose -3 = -2*z + 33. Let v(q) = -q**3 + 17*q**2 + 24*q + 12. What is the hundreds digit of v(z)?
1
Let h(l) = 16 - 63*l + 18*l - 4 + 0. What is the tens digit of h(-3)?
4
Let y(f) = -f + 10. Let a be y(8). What is the units digit of (4/a + 1)*(7 - -34)?
3
Let s = 2 + 2. Suppose -12 = 3*y, -2*y - 28 = s*u - 4*y. What is the units digit of (-4)/(-12) - 60/u?
7
Suppose -b + c = -3 - 17, 4*b - c = 65. Suppose 31 = 4*k + n - 14, 3*n - b = 0. Suppose -2*r + k = -0*r. What is the units digit of r?
5
Suppose 5*v - 6 = y - 18, -4*y + 3*v + 14 = 0. Suppose -626 = -2*d + 2*w - w, -642 = -y*d - 3*w. What is the tens digit of d?
1
Suppose -14*j + 10*j + 4 = 0. Let c = j - -63. What is the units digit of c?
4
Suppose r - 4*r + 225 = 0. Suppose -28*v + 25*v = -r. What is the tens digit of v?
2
What is the hundreds digit of (8/(-1))/(-4)*16479/9?
6
Suppose 29*c + 11490 = 34*c + 5*y, -9156 = -4*c + 5*y. What is the tens digit of c?
9
Let r = 1177 - 359. What is the units digit of r?
8
Let v(a) be the first derivative of a**3/3 + 7*a**2/2 + 8*a + 1. Suppose -u = 3*b + 7, 4*u + 28 = 5*b - 0. What is the units digit of v(u)?
8
Suppose -2*a = -2*b + 2788, 29*a - 4212 = -3*b + 26*a. What is the hundreds digit of b?
3
Let j be -12*(3 + 25/(-10))/1. Let p be 35/(-2)*(-4)/5. Let v = j + p. What is the units digit of v?
8
Let h(n) = -n**3 - 10*n**2 + 2*n + 21. Let t be 4*1*(-5)/2. What is the units digit of h(t)?
1
Let p be (-6)/9 + (-148)/(-6). Suppose 0 = 4*t - 5*r - 31, -t + r = -0*r - 7. Suppose -u = -v - t - 26, p = u - 4*v. What is the units digit of u?
2
Let n(d) = -13*d - 15. Let r(x) = -3*x - 4. Let g(y) = -2*n(y) + 9*r(y). Let i = -38 - -27. What is the units digit of g(i)?
5
Let p be (-15)/10*(-180)/(-27). Let c(j) = -4*j + 0 + 13 + 2*j. What is the tens digit of c(p)?
3
Let s(z) = -z**2 - 9*z - 1. Let j be s(-8). Let k = 11 + j. What is the units digit of